12?
16
Let c = 8 + 20. What is the greatest common divisor of c and 42?
14
Suppose 93 = 5*r - 107. Suppose 170*h - 169*h - 5 = 0. Calculate the greatest common factor of r and h.
5
Let p = -9 - -14. Let t(j) = 50*j + 1. Let o(x) = 651*x + 15. Let l(y) = -2*o(y) + 27*t(y). Let n be l(1). Calculate the greatest common factor of p and n.
5
Let o = -104 + 171. Suppose -o - 494 = -h. Let t be h/(-2)*(-6)/9. What is the greatest common factor of 17 and t?
17
Let x(q) = 3*q**2 + 3*q - 4. Let b be x(3). Let p(u) = -14*u - 32. Let f be p(-3). Let r be 4/(-6) + f/15 + 4. What is the highest common factor of b and r?
4
Let h(n) be the first derivative of n**3/3 + 2*n**2 - 6*n + 23. Let v be h(-8). Calculate the highest common divisor of v and 182.
26
Suppose 0 = 4*a - 7*a - 4*p + 58, -p + 46 = 3*a. Calculate the greatest common factor of a and 350.
14
Let h = 66 + -64. Suppose -49 = -h*l + 4*v + 33, v - 137 = -4*l. Calculate the highest common factor of l and 7.
7
Suppose -3*l - 5*u = -103, 4*l - 32 - 97 = -5*u. Let p(q) = 10*q. Let j be p(-2). Let a be j/(-110) + 854/22. Calculate the highest common divisor of a and l.
13
Let u(w) = 3*w**2 + 16*w - 317. Let q be u(37). Calculate the greatest common divisor of q and 14.
14
Let t = -363 + 371. Calculate the greatest common divisor of t and 232.
8
Let a be (3 - 1) + (-126)/(-18). What is the highest common divisor of 1 and a?
1
Suppose -158 + 18 = -14*y. What is the greatest common divisor of y and 35?
5
Suppose 38 - 122 = -2*q. Let a(h) = h**3 - 3*h**2 - 6*h - 6. Let n be 4 - 2 - (1 - 4). Let o be a(n). Calculate the highest common divisor of q and o.
14
Let o = -10199 + 10232. Suppose -6 = p - n + 2*n, 2*p + 5*n = -21. Let d be (-44)/p*(-6)/(-4). What is the highest common factor of d and o?
11
Let k(c) = 3*c**3 + 24*c**2 + 14*c - 1. Let i be k(-7). What is the greatest common factor of i and 72?
24
Suppose -5*r + 4*r = 3. Let l be (-8)/(1 + (r - -1)). Suppose -6*p + l*p = 10. What is the highest common divisor of 35 and p?
5
Suppose -37*o + 432 = -25*o. What is the highest common divisor of 27 and o?
9
Let c(u) = -u**3 - 7*u**2 + 20*u + 43. Let a be c(-9). Calculate the highest common factor of 2025 and a.
25
Let i be 0 + 0 + 63*2. Let w = -418 - -221. Let u = 211 + w. Calculate the highest common divisor of u and i.
14
Let n = 960 + -680. Calculate the highest common factor of 448 and n.
56
Let m(w) = w**3 - 4*w**2 + 5*w - 2. Let v be m(4). Let c be (-1)/4*(1 + -9). Suppose -c*z + 18 = -z. Calculate the greatest common factor of z and v.
18
Let q(u) = -3*u**2 + 128*u + 35. Let a be q(37). What is the greatest common factor of 8 and a?
8
Let n be 412*(-77)/(-84) - 1/(-3). Calculate the highest common factor of 9 and n.
9
Let y be (-8 + 4)/(-2) + 385. Suppose 0 = 8*n - y - 53. Calculate the highest common factor of 22 and n.
11
Suppose 12*m - 232 = -17*m. Suppose -80 = -d - 3*d. Calculate the greatest common factor of m and d.
4
Let y be 416/(-7) - (-20)/(-35). Let f be (-5)/1*216/y. What is the greatest common factor of 2 and f?
2
Suppose u - 3 + 2 = 5*l, -l - 1 = -u. Let j be 2*((-15)/(-6) - u). Let z be j + 4/8*24. What is the greatest common divisor of z and 105?
15
Let g(t) = t + 19. Let v be g(-14). Suppose i + v*q = 110, 0*q - 185 = -2*i - 3*q. Let u = -40 - -57. What is the highest common factor of i and u?
17
Suppose -89 = -2*i - 3*g - 70, 0 = i + 3*g - 14. What is the highest common divisor of i and 80?
5
Suppose 520 = -157*o + 162*o. What is the greatest common divisor of o and 1144?
104
Let g(l) = 332*l**2 - 5*l - 1. Let f be g(-1). What is the greatest common factor of f and 7?
7
Suppose -16 - 98 = -5*n + 3*a, 0 = 5*n + a - 102. What is the highest common factor of n and 84?
21
Suppose 385*b - 400*b = -12480. What is the highest common factor of b and 128?
64
Let l = -459 + 659. Let r(j) = -j**2 - 3*j + 95. Let d be r(-10). Calculate the greatest common divisor of l and d.
25
Suppose -5*s + j + 110 = -4*s, 5*s = 4*j + 550. Let l be (12/(-15))/((-4)/s). Calculate the greatest common factor of 2 and l.
2
Let p = -118 - -173. Suppose g - 245 = -5*v + 2*g, -g + p = v. What is the highest common divisor of v and 125?
25
Suppose 40*t + 7112 = 48*t. Calculate the highest common factor of 7 and t.
7
Let k = 53 - 45. Let y = 28 - 12. What is the greatest common factor of k and y?
8
Let o be 515/(-35) - 6/21. Let j = -8 - o. Suppose 2*h + 28 = 4*i + j*h, 0 = i + 4*h - 7. What is the highest common factor of 77 and i?
7
Let f = -11 - -14. Suppose 11 = -4*w + 3, -f*w = -2*i - 10. Let y be 6/10 + i/(-20). What is the greatest common divisor of y and 11?
1
Let l be (-15)/(-1) + 0 + -1. Let f = -444 - -654. Suppose 22*q + f = 27*q. Calculate the greatest common factor of q and l.
14
Let v(c) = 4*c - 2. Let u be v(-1). Let x = 6 + u. Suppose 0 = -t - x*t + p + 29, 4*t = -4*p + 108. What is the highest common divisor of 70 and t?
14
Let p(v) = 3*v - 79. Let g be p(31). Calculate the highest common divisor of g and 420.
14
Let z = 1206 + -997. Calculate the highest common factor of z and 19.
19
Let a = -176 + 201. Let k(p) = -10*p**3 + p - 3. Let u be k(-2). What is the highest common factor of u and a?
25
Suppose 0 = -s + n + 366, -4*n + 1001 + 83 = 3*s. Calculate the highest common factor of s and 65.
13
Suppose 4*u = 14*u - 180. Let z = 10 + u. Suppose -2*l = -b - 115, 4*b = -4*l + 206 + 6. What is the highest common factor of l and z?
28
Suppose 8*h + 14 - 78 = 0. What is the greatest common divisor of 28 and h?
4
Suppose 0 = -4*x + 5*c - 3 + 6, -2*x - 3*c + 29 = 0. What is the highest common divisor of 91 and x?
7
Let o be -68*((-663)/(-52) + -14). Let l be ((-3)/(-2))/(6/136). Calculate the highest common factor of l and o.
17
Suppose -14*k + 8*k = -540. Calculate the greatest common divisor of 54 and k.
18
Let r be (-12)/(-27)*6426/68. Calculate the greatest common factor of r and 406.
14
Suppose a = -2*v - 3*a + 410, 5*a - 612 = -3*v. Let q be -6*(-1)/(-6)*-2. Suppose q*o = v + 91. Calculate the highest common factor of 58 and o.
29
Let g = 1848 + -1823. What is the greatest common divisor of 1675 and g?
25
Let y(n) = n**2 + 8*n - 12. Let b be y(-10). Suppose -5*g = -b*g + 75. What is the highest common divisor of g and 275?
25
Let v(q) = 13*q - 2. Suppose -4*w = -k - w + 11, -3*w = 3*k + 3. Let f be v(k). What is the highest common divisor of 8 and f?
8
Let j = 27 + -23. Let d be ((-24)/15)/j*-220. Suppose 0*b = -2*b + 22. Calculate the highest common factor of b and d.
11
Let c(u) = -u**3 + 2*u**2 - 2*u - 15. Let p be c(0). Let v be (-5 - -10)*((2 - p) + -2). Calculate the highest common divisor of 30 and v.
15
Suppose 0 = -2*t - 2, 4 = 4*k - 4*t - 0. Suppose w - 26 - 2 = k. Calculate the greatest common factor of 7 and w.
7
Let r(x) = -x**3 + 12*x**2 - 10*x + 15. Let m be r(11). What is the greatest common divisor of m and 2?
2
Let q(r) = -11*r + 2. Let b be q(-2). Suppose -5*x + 79 = b. Let h = -33 + 66. What is the greatest common factor of x and h?
11
Let u = 7 - 13. Let q be 20/u - 2/(-6). Let f be 10/q*(-12)/5. What is the highest common divisor of f and 1?
1
Suppose 474 = -5*v + 5314. Suppose 4*k = 436 + v. Suppose -6*h + k = -3*h. What is the highest common divisor of 13 and h?
13
Let p(t) be the third derivative of 3*t**4/8 - 7*t**3/3 + 2*t**2. Let m be p(6). What is the highest common factor of 100 and m?
20
Let o = 108 - 60. Suppose -f = 4*f - 15. Suppose 3 = h - f. What is the highest common factor of h and o?
6
Let w(u) = -2*u**2 + 13*u - 9. Let n be w(5). Suppose h = -r + 5, 5*h - 13 + n = -2*r. Calculate the greatest common divisor of r and 114.
6
Suppose 5*c + 3*f - 121 = -f, 0 = -3*c + 4*f + 79. Let k be (-10)/35 + 3404/7. Let p = -286 + k. What is the greatest common divisor of p and c?
25
Let b = -28 + 46. Let f be (-3)/(-4)*(25 + 3)/7. What is the highest common divisor of f and b?
3
Let b(c) = 33*c - 63. Let z be b(31). What is the highest common factor of 24 and z?
24
Let s be 9/(0 + 1/21). Calculate the greatest common divisor of s and 21.
21
Let a = 29 + -26. Suppose 2*t - a*j - 4 = -4*j, 0 = -3*t + 5*j + 19. Suppose 0*h + h = 4, 282 = 2*n + t*h. Calculate the greatest common factor of 15 and n.
15
Let x be 612/78 + (-6)/(-39). Let n(j) = j**2 - 4*j - 5. Let c be n(x). S